{"id":9,"date":"2018-05-26T16:28:14","date_gmt":"2018-05-26T16:28:14","guid":{"rendered":"http:\/\/www.coss.co.at\/?page_id=9"},"modified":"2024-07-11T07:35:29","modified_gmt":"2024-07-11T07:35:29","slug":"home","status":"publish","type":"page","link":"https:\/\/www.coss.co.at\/","title":{"rendered":"Home"},"content":{"rendered":"<h1>Supervision &amp; Coaching<\/h1>\n<p>Berufliche Herausforderungen ben\u00f6tigen des \u00d6fteren neue Blickwinkel. Supervision und coaching bieten hierbei eine M\u00f6glichkeit der Reflexion. Eigene Ressourcen kommen wieder zum Vorschein, wodurch neue L\u00f6sungen gefunden werden. Basierend darauf werden eventuell eingeengte Sichtweisen erweitert und neue Wege \u00f6ffnen sich.<br \/>\n<img loading=\"lazy\" decoding=\"async\" class=\"aligncenter wp-image-38\" src=\"https:\/\/www.coss.co.at\/wp-content\/uploads\/2018\/05\/3credits-iStock_000039451844XXXLarge_1-1024x600.jpg\" alt=\"\" width=\"800\" height=\"469\" srcset=\"https:\/\/www.coss.co.at\/wp-content\/uploads\/2018\/05\/3credits-iStock_000039451844XXXLarge_1-1024x600.jpg 1024w, https:\/\/www.coss.co.at\/wp-content\/uploads\/2018\/05\/3credits-iStock_000039451844XXXLarge_1-300x176.jpg 300w, https:\/\/www.coss.co.at\/wp-content\/uploads\/2018\/05\/3credits-iStock_000039451844XXXLarge_1-768x450.jpg 768w, https:\/\/www.coss.co.at\/wp-content\/uploads\/2018\/05\/3credits-iStock_000039451844XXXLarge_1.jpg 2048w\" sizes=\"auto, (max-width: 767px) 89vw, (max-width: 1000px) 54vw, (max-width: 1071px) 543px, 580px\" \/><\/p>\n<p><a href=\"https:\/\/www.coss.co.at\/?page_id=112\">ROMPC\u00ae Coaching<\/a><\/p>\n<p><a href=\"https:\/\/www.coss.co.at\/?page_id=114\">FTL\u00ae Business Consultant<\/a><\/p>\n<h1>Psychologische Beratung<\/h1>\n<p>Schwierige Lebenssituationen wie zum Beispiel Trennungen, Verluste oder Konflikte verlangen oft alles von uns ab. Gef\u00fchle von Schmerz, Trauer aber auch Wut drohen uns zu \u00fcberschwemmen und das Leben scheint aus den Fugen zu geraten. Durch (unter-)st\u00fctzende Beratungsprozesse ist es wieder m\u00f6glich eine positive Sicht auf das Dasein zu erreichen und gest\u00e4rkt zuk\u00fcnftige Entwicklungsschritte in Angriff zu nehmen.<br \/>\n<img loading=\"lazy\" decoding=\"async\" class=\"aligncenter wp-image-34\" src=\"https:\/\/www.coss.co.at\/wp-content\/uploads\/2018\/05\/3credits-iStock_000014960796XXLarge-1024x683.jpg\" alt=\"\" width=\"800\" height=\"533\" srcset=\"https:\/\/www.coss.co.at\/wp-content\/uploads\/2018\/05\/3credits-iStock_000014960796XXLarge-1024x683.jpg 1024w, https:\/\/www.coss.co.at\/wp-content\/uploads\/2018\/05\/3credits-iStock_000014960796XXLarge-300x200.jpg 300w, https:\/\/www.coss.co.at\/wp-content\/uploads\/2018\/05\/3credits-iStock_000014960796XXLarge-768x512.jpg 768w, https:\/\/www.coss.co.at\/wp-content\/uploads\/2018\/05\/3credits-iStock_000014960796XXLarge.jpg 2048w\" sizes=\"auto, (max-width: 767px) 89vw, (max-width: 1000px) 54vw, (max-width: 1071px) 543px, 580px\" \/><\/p>\n<h1>Organisationsentwicklung<\/h1>\n<p>Organisationen sehen sich stetigem Wandel gegen\u00fcber. Ver\u00e4nderungsprozesse bringen immer wieder Unsicherheiten mit sich. Durch strukturierte Organisationsberatung kommt es zu geplanten und gelenkten Prozessen, die Transparenz herstellen und so Zuversicht ins Neue f\u00f6rdern. So ist es m\u00f6glich, dass es auch nach gro\u00dfen Umstrukturierungen zu einer Verbesserung der beruflichen Lebensqualit\u00e4t kommen kann.<\/p>\n<p>Organisationsentwicklung ist ein geplanter, gelenkter und strukturierter Prozess, der zur Ver\u00e4nderung der Organisationskultur und \u2013systeme beitr\u00e4gt. Als Ziel dieser Intervention wird die Verbesserung der Wirksamkeit und Lebensqualit\u00e4t innerhalb einer Organisation gesehen.<\/p>\n<p><img loading=\"lazy\" decoding=\"async\" class=\"aligncenter wp-image-32\" src=\"https:\/\/www.coss.co.at\/wp-content\/uploads\/2018\/05\/1credit-iStock_000034541482Large-1024x679.jpg\" alt=\"\" width=\"800\" height=\"530\" srcset=\"https:\/\/www.coss.co.at\/wp-content\/uploads\/2018\/05\/1credit-iStock_000034541482Large-1024x679.jpg 1024w, https:\/\/www.coss.co.at\/wp-content\/uploads\/2018\/05\/1credit-iStock_000034541482Large-300x199.jpg 300w, https:\/\/www.coss.co.at\/wp-content\/uploads\/2018\/05\/1credit-iStock_000034541482Large-768x509.jpg 768w, https:\/\/www.coss.co.at\/wp-content\/uploads\/2018\/05\/1credit-iStock_000034541482Large.jpg 2048w\" sizes=\"auto, (max-width: 767px) 89vw, (max-width: 1000px) 54vw, (max-width: 1071px) 543px, 580px\" \/><\/p>\n<p>&nbsp;<\/p>\n<p>&nbsp;<\/p>\n<p><img loading=\"lazy\" decoding=\"async\" class=\"aligncenter wp-image-15\" src=\"https:\/\/www.coss.co.at\/wp-content\/uploads\/2018\/05\/logo-coss-150x150.png\" alt=\"\" width=\"90\" height=\"90\" srcset=\"https:\/\/www.coss.co.at\/wp-content\/uploads\/2018\/05\/logo-coss-150x150.png 150w, https:\/\/www.coss.co.at\/wp-content\/uploads\/2018\/05\/logo-coss-100x100.png 100w, https:\/\/www.coss.co.at\/wp-content\/uploads\/2018\/05\/logo-coss.png 300w\" sizes=\"auto, (max-width: 90px) 100vw, 90px\" \/><\/p>\n","protected":false},"excerpt":{"rendered":"<p>Supervision &amp; Coaching Berufliche Herausforderungen ben\u00f6tigen des \u00d6fteren neue Blickwinkel. Supervision und coaching bieten hierbei eine M\u00f6glichkeit der Reflexion. Eigene Ressourcen kommen wieder zum Vorschein, wodurch neue L\u00f6sungen gefunden werden. Basierend darauf werden eventuell eingeengte Sichtweisen erweitert und neue Wege \u00f6ffnen sich. ROMPC\u00ae Coaching FTL\u00ae Business Consultant Psychologische Beratung Schwierige Lebenssituationen wie zum Beispiel Trennungen, &hellip; <\/p>\n<p class=\"link-more\"><a href=\"https:\/\/www.coss.co.at\/\" class=\"more-link\"><span class=\"screen-reader-text\">\u201eHome\u201c<\/span> weiterlesen<\/a><\/p>\n","protected":false},"author":1,"featured_media":0,"parent":0,"menu_order":0,"comment_status":"closed","ping_status":"closed","template":"","meta":{"footnotes":""},"class_list":["post-9","page","type-page","status-publish","hentry"],"_links":{"self":[{"href":"https:\/\/www.coss.co.at\/index.php?rest_route=\/wp\/v2\/pages\/9","targetHints":{"allow":["GET"]}}],"collection":[{"href":"https:\/\/www.coss.co.at\/index.php?rest_route=\/wp\/v2\/pages"}],"about":[{"href":"https:\/\/www.coss.co.at\/index.php?rest_route=\/wp\/v2\/types\/page"}],"author":[{"embeddable":true,"href":"https:\/\/www.coss.co.at\/index.php?rest_route=\/wp\/v2\/users\/1"}],"replies":[{"embeddable":true,"href":"https:\/\/www.coss.co.at\/index.php?rest_route=%2Fwp%2Fv2%2Fcomments&post=9"}],"version-history":[{"count":12,"href":"https:\/\/www.coss.co.at\/index.php?rest_route=\/wp\/v2\/pages\/9\/revisions"}],"predecessor-version":[{"id":197,"href":"https:\/\/www.coss.co.at\/index.php?rest_route=\/wp\/v2\/pages\/9\/revisions\/197"}],"wp:attachment":[{"href":"https:\/\/www.coss.co.at\/index.php?rest_route=%2Fwp%2Fv2%2Fmedia&parent=9"}],"curies":[{"name":"wp","href":"https:\/\/api.w.org\/{rel}","templated":true}]}}